{"id":269,"date":"2022-11-22T21:48:38","date_gmt":"2022-11-22T20:48:38","guid":{"rendered":"http:\/\/sklep.bramywjazdowe.com.pl\/?post_type=product&#038;p=269"},"modified":"2024-11-06T20:16:26","modified_gmt":"2024-11-06T19:16:26","slug":"zmywacz-serwisowy-pojemnosc-500-ml","status":"publish","type":"product","link":"https:\/\/sklep.bramywjazdowe.com.pl\/?product=zmywacz-serwisowy-pojemnosc-500-ml","title":{"rendered":"Zmywacz serwisowy. Pojemno\u015b\u0107: 500 ml."},"content":{"rendered":"<p>Zmywacz\u00a0serwisowy.\u00a0Pojemno\u015b\u0107: 500 ml.<\/p>\n<ul>\n<li>nie zawiera acetonu<\/li>\n<li>szybko odparowuje<\/li>\n<li>idealnie czy\u015bci oraz odt\u0142uszcza<\/li>\n<li>nie pozostawia \u015blad\u00f3w<\/li>\n<li>zmniejsza ryzyko wyst\u0105pienia korozji<\/li>\n<li>neutralny dla cz\u0119\u015bci metalowych, gumowych, lakierowanych<\/li>\n<\/ul>\n<p>Zr\u00f3wnowa\u017cona formu\u0142a zastosowana w produkcie daje skuteczny oraz bezpieczny produkt do czyszczenia oraz odt\u0142uszczania wszystkich cz\u0119\u015bci mechanicznych. Produkt efektywnie usuwa woski , oleje, smary, \u015brodki ochrony czasowej oraz pozosta\u0142o\u015bci po klejach . Silny strumie\u0144 skutecznie wyp\u0142ukuje zanieczyszczenia, a \u0142agodny zapach nie utrudnia pracy. Preparat jest neutralny wobec gumy, tworzyw sztucznych i powierzchni lakierowanych.<\/p>\n","protected":false},"excerpt":{"rendered":"<p>Zmywacz\u00a0serwisowy.\u00a0Pojemno\u015b\u0107: 500 ml. nie zawiera acetonu szybko odparowuje idealnie czy\u015bci oraz odt\u0142uszcza nie pozostawia \u015blad\u00f3w zmniejsza ryzyko wyst\u0105pienia korozji neutralny dla cz\u0119\u015bci metalowych, gumowych, lakierowanych Zr\u00f3wnowa\u017cona formu\u0142a zastosowana w produkcie daje skuteczny oraz bezpieczny produkt do czyszczenia oraz odt\u0142uszczania wszystkich cz\u0119\u015bci mechanicznych. Produkt efektywnie usuwa woski , oleje, smary, \u015brodki ochrony czasowej oraz pozosta\u0142o\u015bci po [&hellip;]<\/p>\n","protected":false},"featured_media":260,"comment_status":"open","ping_status":"closed","template":"","meta":[],"pwb-brand":[],"product_brand":[],"product_cat":[61,71,22],"product_tag":[82,83,84],"class_list":{"0":"post-269","1":"product","2":"type-product","3":"status-publish","4":"has-post-thumbnail","6":"product_cat-czesci-serwisowe-2","7":"product_cat-chemia-serwisowa","8":"product_cat-bez-kategorii-2","9":"product_tag-chemia-serwisowa-2","10":"product_tag-smar","11":"product_tag-zmywacz","13":"first","14":"instock","15":"taxable","16":"shipping-taxable","17":"product-type-simple"},"yoast_head":"<!-- This site is optimized with the Yoast SEO plugin v24.7 - https:\/\/yoast.com\/wordpress\/plugins\/seo\/ -->\n<title>Zmywacz serwisowy. Pojemno\u015b\u0107: 500 ml. -<\/title>\n<meta name=\"robots\" content=\"index, follow, max-snippet:-1, max-image-preview:large, max-video-preview:-1\" \/>\n<link rel=\"canonical\" href=\"https:\/\/sklep.bramywjazdowe.com.pl\/?product=zmywacz-serwisowy-pojemnosc-500-ml\" \/>\n<meta property=\"og:locale\" content=\"pl_PL\" \/>\n<meta property=\"og:type\" content=\"article\" \/>\n<meta property=\"og:title\" content=\"Zmywacz serwisowy. Pojemno\u015b\u0107: 500 ml. -\" \/>\n<meta property=\"og:description\" content=\"Zmywacz\u00a0serwisowy.\u00a0Pojemno\u015b\u0107: 500 ml. nie zawiera acetonu szybko odparowuje idealnie czy\u015bci oraz odt\u0142uszcza nie pozostawia \u015blad\u00f3w zmniejsza ryzyko wyst\u0105pienia korozji neutralny dla cz\u0119\u015bci metalowych, gumowych, lakierowanych Zr\u00f3wnowa\u017cona formu\u0142a zastosowana w produkcie daje skuteczny oraz bezpieczny produkt do czyszczenia oraz odt\u0142uszczania wszystkich cz\u0119\u015bci mechanicznych. Produkt efektywnie usuwa woski , oleje, smary, \u015brodki ochrony czasowej oraz pozosta\u0142o\u015bci po [&hellip;]\" \/>\n<meta property=\"og:url\" content=\"https:\/\/sklep.bramywjazdowe.com.pl\/?product=zmywacz-serwisowy-pojemnosc-500-ml\" \/>\n<meta property=\"article:modified_time\" content=\"2024-11-06T19:16:26+00:00\" \/>\n<meta property=\"og:image\" content=\"https:\/\/sklep.bramywjazdowe.com.pl\/wp-content\/uploads\/2022\/11\/ECOCHEMICAL_ZMYWACZ_SERWISOWY_500ML.png\" \/>\n\t<meta property=\"og:image:width\" content=\"1500\" \/>\n\t<meta property=\"og:image:height\" content=\"1500\" \/>\n\t<meta property=\"og:image:type\" content=\"image\/png\" \/>\n<meta name=\"twitter:card\" content=\"summary_large_image\" \/>\n<script type=\"application\/ld+json\" class=\"yoast-schema-graph\">{\"@context\":\"https:\/\/schema.org\",\"@graph\":[{\"@type\":\"WebPage\",\"@id\":\"https:\/\/sklep.bramywjazdowe.com.pl\/?product=zmywacz-serwisowy-pojemnosc-500-ml\",\"url\":\"https:\/\/sklep.bramywjazdowe.com.pl\/?product=zmywacz-serwisowy-pojemnosc-500-ml\",\"name\":\"Zmywacz serwisowy. Pojemno\u015b\u0107: 500 ml. -\",\"isPartOf\":{\"@id\":\"http:\/\/sklep.bramywjazdowe.com.pl\/#website\"},\"primaryImageOfPage\":{\"@id\":\"https:\/\/sklep.bramywjazdowe.com.pl\/?product=zmywacz-serwisowy-pojemnosc-500-ml#primaryimage\"},\"image\":{\"@id\":\"https:\/\/sklep.bramywjazdowe.com.pl\/?product=zmywacz-serwisowy-pojemnosc-500-ml#primaryimage\"},\"thumbnailUrl\":\"https:\/\/sklep.bramywjazdowe.com.pl\/wp-content\/uploads\/2022\/11\/ECOCHEMICAL_ZMYWACZ_SERWISOWY_500ML.png\",\"datePublished\":\"2022-11-22T20:48:38+00:00\",\"dateModified\":\"2024-11-06T19:16:26+00:00\",\"breadcrumb\":{\"@id\":\"https:\/\/sklep.bramywjazdowe.com.pl\/?product=zmywacz-serwisowy-pojemnosc-500-ml#breadcrumb\"},\"inLanguage\":\"pl-PL\",\"potentialAction\":[{\"@type\":\"ReadAction\",\"target\":[\"https:\/\/sklep.bramywjazdowe.com.pl\/?product=zmywacz-serwisowy-pojemnosc-500-ml\"]}]},{\"@type\":\"ImageObject\",\"inLanguage\":\"pl-PL\",\"@id\":\"https:\/\/sklep.bramywjazdowe.com.pl\/?product=zmywacz-serwisowy-pojemnosc-500-ml#primaryimage\",\"url\":\"https:\/\/sklep.bramywjazdowe.com.pl\/wp-content\/uploads\/2022\/11\/ECOCHEMICAL_ZMYWACZ_SERWISOWY_500ML.png\",\"contentUrl\":\"https:\/\/sklep.bramywjazdowe.com.pl\/wp-content\/uploads\/2022\/11\/ECOCHEMICAL_ZMYWACZ_SERWISOWY_500ML.png\",\"width\":1500,\"height\":1500},{\"@type\":\"BreadcrumbList\",\"@id\":\"https:\/\/sklep.bramywjazdowe.com.pl\/?product=zmywacz-serwisowy-pojemnosc-500-ml#breadcrumb\",\"itemListElement\":[{\"@type\":\"ListItem\",\"position\":1,\"name\":\"Strona g\u0142\u00f3wna\",\"item\":\"http:\/\/sklep.bramywjazdowe.com.pl\/\"},{\"@type\":\"ListItem\",\"position\":2,\"name\":\"Produkty\",\"item\":\"http:\/\/sklep.bramywjazdowe.com.pl\/\"},{\"@type\":\"ListItem\",\"position\":3,\"name\":\"Zmywacz serwisowy. Pojemno\u015b\u0107: 500 ml.\"}]},{\"@type\":\"WebSite\",\"@id\":\"http:\/\/sklep.bramywjazdowe.com.pl\/#website\",\"url\":\"http:\/\/sklep.bramywjazdowe.com.pl\/\",\"name\":\"Sklep Trymer Tomasz Kucharski\",\"description\":\"\",\"publisher\":{\"@id\":\"http:\/\/sklep.bramywjazdowe.com.pl\/#organization\"},\"potentialAction\":[{\"@type\":\"SearchAction\",\"target\":{\"@type\":\"EntryPoint\",\"urlTemplate\":\"http:\/\/sklep.bramywjazdowe.com.pl\/?s={search_term_string}\"},\"query-input\":{\"@type\":\"PropertyValueSpecification\",\"valueRequired\":true,\"valueName\":\"search_term_string\"}}],\"inLanguage\":\"pl-PL\"},{\"@type\":\"Organization\",\"@id\":\"http:\/\/sklep.bramywjazdowe.com.pl\/#organization\",\"name\":\"TRYMER Tomasz Kucharski\",\"url\":\"http:\/\/sklep.bramywjazdowe.com.pl\/\",\"logo\":{\"@type\":\"ImageObject\",\"inLanguage\":\"pl-PL\",\"@id\":\"http:\/\/sklep.bramywjazdowe.com.pl\/#\/schema\/logo\/image\/\",\"url\":\"https:\/\/sklep.bramywjazdowe.com.pl\/wp-content\/uploads\/2022\/11\/logo-sklep-222.png\",\"contentUrl\":\"https:\/\/sklep.bramywjazdowe.com.pl\/wp-content\/uploads\/2022\/11\/logo-sklep-222.png\",\"width\":1200,\"height\":180,\"caption\":\"TRYMER Tomasz Kucharski\"},\"image\":{\"@id\":\"http:\/\/sklep.bramywjazdowe.com.pl\/#\/schema\/logo\/image\/\"}}]}<\/script>\n<!-- \/ Yoast SEO plugin. -->","yoast_head_json":{"title":"Zmywacz serwisowy. Pojemno\u015b\u0107: 500 ml. -","robots":{"index":"index","follow":"follow","max-snippet":"max-snippet:-1","max-image-preview":"max-image-preview:large","max-video-preview":"max-video-preview:-1"},"canonical":"https:\/\/sklep.bramywjazdowe.com.pl\/?product=zmywacz-serwisowy-pojemnosc-500-ml","og_locale":"pl_PL","og_type":"article","og_title":"Zmywacz serwisowy. Pojemno\u015b\u0107: 500 ml. -","og_description":"Zmywacz\u00a0serwisowy.\u00a0Pojemno\u015b\u0107: 500 ml. nie zawiera acetonu szybko odparowuje idealnie czy\u015bci oraz odt\u0142uszcza nie pozostawia \u015blad\u00f3w zmniejsza ryzyko wyst\u0105pienia korozji neutralny dla cz\u0119\u015bci metalowych, gumowych, lakierowanych Zr\u00f3wnowa\u017cona formu\u0142a zastosowana w produkcie daje skuteczny oraz bezpieczny produkt do czyszczenia oraz odt\u0142uszczania wszystkich cz\u0119\u015bci mechanicznych. Produkt efektywnie usuwa woski , oleje, smary, \u015brodki ochrony czasowej oraz pozosta\u0142o\u015bci po [&hellip;]","og_url":"https:\/\/sklep.bramywjazdowe.com.pl\/?product=zmywacz-serwisowy-pojemnosc-500-ml","article_modified_time":"2024-11-06T19:16:26+00:00","og_image":[{"width":1500,"height":1500,"url":"https:\/\/sklep.bramywjazdowe.com.pl\/wp-content\/uploads\/2022\/11\/ECOCHEMICAL_ZMYWACZ_SERWISOWY_500ML.png","type":"image\/png"}],"twitter_card":"summary_large_image","schema":{"@context":"https:\/\/schema.org","@graph":[{"@type":"WebPage","@id":"https:\/\/sklep.bramywjazdowe.com.pl\/?product=zmywacz-serwisowy-pojemnosc-500-ml","url":"https:\/\/sklep.bramywjazdowe.com.pl\/?product=zmywacz-serwisowy-pojemnosc-500-ml","name":"Zmywacz serwisowy. Pojemno\u015b\u0107: 500 ml. -","isPartOf":{"@id":"http:\/\/sklep.bramywjazdowe.com.pl\/#website"},"primaryImageOfPage":{"@id":"https:\/\/sklep.bramywjazdowe.com.pl\/?product=zmywacz-serwisowy-pojemnosc-500-ml#primaryimage"},"image":{"@id":"https:\/\/sklep.bramywjazdowe.com.pl\/?product=zmywacz-serwisowy-pojemnosc-500-ml#primaryimage"},"thumbnailUrl":"https:\/\/sklep.bramywjazdowe.com.pl\/wp-content\/uploads\/2022\/11\/ECOCHEMICAL_ZMYWACZ_SERWISOWY_500ML.png","datePublished":"2022-11-22T20:48:38+00:00","dateModified":"2024-11-06T19:16:26+00:00","breadcrumb":{"@id":"https:\/\/sklep.bramywjazdowe.com.pl\/?product=zmywacz-serwisowy-pojemnosc-500-ml#breadcrumb"},"inLanguage":"pl-PL","potentialAction":[{"@type":"ReadAction","target":["https:\/\/sklep.bramywjazdowe.com.pl\/?product=zmywacz-serwisowy-pojemnosc-500-ml"]}]},{"@type":"ImageObject","inLanguage":"pl-PL","@id":"https:\/\/sklep.bramywjazdowe.com.pl\/?product=zmywacz-serwisowy-pojemnosc-500-ml#primaryimage","url":"https:\/\/sklep.bramywjazdowe.com.pl\/wp-content\/uploads\/2022\/11\/ECOCHEMICAL_ZMYWACZ_SERWISOWY_500ML.png","contentUrl":"https:\/\/sklep.bramywjazdowe.com.pl\/wp-content\/uploads\/2022\/11\/ECOCHEMICAL_ZMYWACZ_SERWISOWY_500ML.png","width":1500,"height":1500},{"@type":"BreadcrumbList","@id":"https:\/\/sklep.bramywjazdowe.com.pl\/?product=zmywacz-serwisowy-pojemnosc-500-ml#breadcrumb","itemListElement":[{"@type":"ListItem","position":1,"name":"Strona g\u0142\u00f3wna","item":"http:\/\/sklep.bramywjazdowe.com.pl\/"},{"@type":"ListItem","position":2,"name":"Produkty","item":"http:\/\/sklep.bramywjazdowe.com.pl\/"},{"@type":"ListItem","position":3,"name":"Zmywacz serwisowy. Pojemno\u015b\u0107: 500 ml."}]},{"@type":"WebSite","@id":"http:\/\/sklep.bramywjazdowe.com.pl\/#website","url":"http:\/\/sklep.bramywjazdowe.com.pl\/","name":"Sklep Trymer Tomasz Kucharski","description":"","publisher":{"@id":"http:\/\/sklep.bramywjazdowe.com.pl\/#organization"},"potentialAction":[{"@type":"SearchAction","target":{"@type":"EntryPoint","urlTemplate":"http:\/\/sklep.bramywjazdowe.com.pl\/?s={search_term_string}"},"query-input":{"@type":"PropertyValueSpecification","valueRequired":true,"valueName":"search_term_string"}}],"inLanguage":"pl-PL"},{"@type":"Organization","@id":"http:\/\/sklep.bramywjazdowe.com.pl\/#organization","name":"TRYMER Tomasz Kucharski","url":"http:\/\/sklep.bramywjazdowe.com.pl\/","logo":{"@type":"ImageObject","inLanguage":"pl-PL","@id":"http:\/\/sklep.bramywjazdowe.com.pl\/#\/schema\/logo\/image\/","url":"https:\/\/sklep.bramywjazdowe.com.pl\/wp-content\/uploads\/2022\/11\/logo-sklep-222.png","contentUrl":"https:\/\/sklep.bramywjazdowe.com.pl\/wp-content\/uploads\/2022\/11\/logo-sklep-222.png","width":1200,"height":180,"caption":"TRYMER Tomasz Kucharski"},"image":{"@id":"http:\/\/sklep.bramywjazdowe.com.pl\/#\/schema\/logo\/image\/"}}]}},"brands":[],"_links":{"self":[{"href":"https:\/\/sklep.bramywjazdowe.com.pl\/index.php?rest_route=\/wp\/v2\/product\/269","targetHints":{"allow":["GET"]}}],"collection":[{"href":"https:\/\/sklep.bramywjazdowe.com.pl\/index.php?rest_route=\/wp\/v2\/product"}],"about":[{"href":"https:\/\/sklep.bramywjazdowe.com.pl\/index.php?rest_route=\/wp\/v2\/types\/product"}],"replies":[{"embeddable":true,"href":"https:\/\/sklep.bramywjazdowe.com.pl\/index.php?rest_route=%2Fwp%2Fv2%2Fcomments&post=269"}],"wp:featuredmedia":[{"embeddable":true,"href":"https:\/\/sklep.bramywjazdowe.com.pl\/index.php?rest_route=\/wp\/v2\/media\/260"}],"wp:attachment":[{"href":"https:\/\/sklep.bramywjazdowe.com.pl\/index.php?rest_route=%2Fwp%2Fv2%2Fmedia&parent=269"}],"wp:term":[{"taxonomy":"pwb-brand","embeddable":true,"href":"https:\/\/sklep.bramywjazdowe.com.pl\/index.php?rest_route=%2Fwp%2Fv2%2Fpwb-brand&post=269"},{"taxonomy":"product_brand","embeddable":true,"href":"https:\/\/sklep.bramywjazdowe.com.pl\/index.php?rest_route=%2Fwp%2Fv2%2Fproduct_brand&post=269"},{"taxonomy":"product_cat","embeddable":true,"href":"https:\/\/sklep.bramywjazdowe.com.pl\/index.php?rest_route=%2Fwp%2Fv2%2Fproduct_cat&post=269"},{"taxonomy":"product_tag","embeddable":true,"href":"https:\/\/sklep.bramywjazdowe.com.pl\/index.php?rest_route=%2Fwp%2Fv2%2Fproduct_tag&post=269"}],"curies":[{"name":"wp","href":"https:\/\/api.w.org\/{rel}","templated":true}]}}