{"id":355,"date":"2022-11-24T23:26:56","date_gmt":"2022-11-24T22:26:56","guid":{"rendered":"http:\/\/sklep.bramywjazdowe.com.pl\/?post_type=product&#038;p=355"},"modified":"2023-01-04T17:11:56","modified_gmt":"2023-01-04T16:11:56","slug":"nice-fotokomorki-epmb-bluebus-nadajnik-i-odbiornik","status":"publish","type":"product","link":"https:\/\/sklep.bramywjazdowe.com.pl\/?product=nice-fotokomorki-epmb-bluebus-nadajnik-i-odbiornik","title":{"rendered":"NICE &#8211; Fotokom\u00f3rki EPMB BlueBus (nadajnik i odbiornik)"},"content":{"rendered":"<p>NICE &#8211; Fotokom\u00f3rki\u00a0EPMB BlueBus (nadajnik i odbiornik)<\/p>\n<p>PARAMETRY PODSTAWOWE:<\/p>\n<ul>\n<li>zasi\u0119g dzia\u0142ania: standard 15m, z mo\u017cliwo\u015bci\u0105 zwi\u0119kszenia do 30m<\/li>\n<li>zasilanie nadajnika i odbiornika: pod\u0142\u0105czenie wy\u0142\u0105cznie\u00a0do central z technologi\u0105\u00a0BlueBus<\/li>\n<li>temperatura pracy (min.\/max.): -20\u00b0C \/ +50\u00b0C<\/li>\n<li>stopie\u0144 ochrony: IP 44<\/li>\n<li>gabaryty zew. obudowy (szer. x g\u0142\u0119b. x wys.): 50x29x80mm<\/li>\n<\/ul>\n","protected":false},"excerpt":{"rendered":"<p>NICE &#8211; Fotokom\u00f3rki\u00a0EPMB BlueBus (nadajnik i odbiornik) PARAMETRY PODSTAWOWE: zasi\u0119g dzia\u0142ania: standard 15m, z mo\u017cliwo\u015bci\u0105 zwi\u0119kszenia do 30m zasilanie nadajnika i odbiornika: pod\u0142\u0105czenie wy\u0142\u0105cznie\u00a0do central z technologi\u0105\u00a0BlueBus temperatura pracy (min.\/max.): -20\u00b0C \/ +50\u00b0C stopie\u0144 ochrony: IP 44 gabaryty zew. obudowy (szer. x g\u0142\u0119b. x wys.): 50x29x80mm<\/p>\n","protected":false},"featured_media":299,"comment_status":"open","ping_status":"closed","template":"","meta":[],"pwb-brand":[64],"product_brand":[],"product_cat":[45,46],"product_tag":[86,78],"class_list":{"0":"post-355","1":"product","2":"type-product","3":"status-publish","4":"has-post-thumbnail","6":"pwb-brand-nice","7":"product_cat-akcesoria-2","8":"product_cat-fotokomorki-2","9":"product_tag-fotokomorki","10":"product_tag-nice-3","12":"first","13":"instock","14":"taxable","15":"shipping-taxable","16":"purchasable","17":"product-type-simple"},"yoast_head":"<!-- This site is optimized with the Yoast SEO plugin v24.7 - https:\/\/yoast.com\/wordpress\/plugins\/seo\/ -->\n<title>NICE - Fotokom\u00f3rki EPMB BlueBus (nadajnik i odbiornik)<\/title>\n<meta name=\"description\" content=\"NICE - Fotokom\u00f3rki EPMB BlueBus (nadajnik i odbiornik) Automatyka do bram sprzeda\u017c, monta\u017c, serwis. TRYMER. Atrakcyjne ceny, szybki czas realizacji.\" \/>\n<meta name=\"robots\" content=\"index, follow, max-snippet:-1, max-image-preview:large, max-video-preview:-1\" \/>\n<link rel=\"canonical\" href=\"https:\/\/sklep.bramywjazdowe.com.pl\/?product=nice-fotokomorki-epmb-bluebus-nadajnik-i-odbiornik\" \/>\n<meta property=\"og:locale\" content=\"pl_PL\" \/>\n<meta property=\"og:type\" content=\"article\" \/>\n<meta property=\"og:title\" content=\"NICE - Fotokom\u00f3rki EPMB BlueBus (nadajnik i odbiornik)\" \/>\n<meta property=\"og:description\" content=\"NICE - Fotokom\u00f3rki EPMB BlueBus (nadajnik i odbiornik) Automatyka do bram sprzeda\u017c, monta\u017c, serwis. TRYMER. Atrakcyjne ceny, szybki czas realizacji.\" \/>\n<meta property=\"og:url\" content=\"https:\/\/sklep.bramywjazdowe.com.pl\/?product=nice-fotokomorki-epmb-bluebus-nadajnik-i-odbiornik\" \/>\n<meta property=\"article:modified_time\" content=\"2023-01-04T16:11:56+00:00\" \/>\n<meta property=\"og:image\" content=\"https:\/\/sklep.bramywjazdowe.com.pl\/wp-content\/uploads\/2022\/11\/NICE-fotokomorki-EPM_EPMB.png\" \/>\n\t<meta property=\"og:image:width\" content=\"432\" \/>\n\t<meta property=\"og:image:height\" content=\"577\" \/>\n\t<meta property=\"og:image:type\" content=\"image\/png\" \/>\n<meta name=\"twitter:card\" content=\"summary_large_image\" \/>\n<meta name=\"twitter:label1\" content=\"Szacowany czas czytania\" \/>\n\t<meta name=\"twitter:data1\" content=\"1 minuta\" \/>\n<script type=\"application\/ld+json\" class=\"yoast-schema-graph\">{\"@context\":\"https:\/\/schema.org\",\"@graph\":[{\"@type\":\"WebPage\",\"@id\":\"https:\/\/sklep.bramywjazdowe.com.pl\/?product=nice-fotokomorki-epmb-bluebus-nadajnik-i-odbiornik\",\"url\":\"https:\/\/sklep.bramywjazdowe.com.pl\/?product=nice-fotokomorki-epmb-bluebus-nadajnik-i-odbiornik\",\"name\":\"NICE - Fotokom\u00f3rki EPMB BlueBus (nadajnik i odbiornik)\",\"isPartOf\":{\"@id\":\"http:\/\/sklep.bramywjazdowe.com.pl\/#website\"},\"primaryImageOfPage\":{\"@id\":\"https:\/\/sklep.bramywjazdowe.com.pl\/?product=nice-fotokomorki-epmb-bluebus-nadajnik-i-odbiornik#primaryimage\"},\"image\":{\"@id\":\"https:\/\/sklep.bramywjazdowe.com.pl\/?product=nice-fotokomorki-epmb-bluebus-nadajnik-i-odbiornik#primaryimage\"},\"thumbnailUrl\":\"https:\/\/sklep.bramywjazdowe.com.pl\/wp-content\/uploads\/2022\/11\/NICE-fotokomorki-EPM_EPMB.png\",\"datePublished\":\"2022-11-24T22:26:56+00:00\",\"dateModified\":\"2023-01-04T16:11:56+00:00\",\"description\":\"NICE - Fotokom\u00f3rki EPMB BlueBus (nadajnik i odbiornik) Automatyka do bram sprzeda\u017c, monta\u017c, serwis. TRYMER. Atrakcyjne ceny, szybki czas realizacji.\",\"breadcrumb\":{\"@id\":\"https:\/\/sklep.bramywjazdowe.com.pl\/?product=nice-fotokomorki-epmb-bluebus-nadajnik-i-odbiornik#breadcrumb\"},\"inLanguage\":\"pl-PL\",\"potentialAction\":[{\"@type\":\"ReadAction\",\"target\":[\"https:\/\/sklep.bramywjazdowe.com.pl\/?product=nice-fotokomorki-epmb-bluebus-nadajnik-i-odbiornik\"]}]},{\"@type\":\"ImageObject\",\"inLanguage\":\"pl-PL\",\"@id\":\"https:\/\/sklep.bramywjazdowe.com.pl\/?product=nice-fotokomorki-epmb-bluebus-nadajnik-i-odbiornik#primaryimage\",\"url\":\"https:\/\/sklep.bramywjazdowe.com.pl\/wp-content\/uploads\/2022\/11\/NICE-fotokomorki-EPM_EPMB.png\",\"contentUrl\":\"https:\/\/sklep.bramywjazdowe.com.pl\/wp-content\/uploads\/2022\/11\/NICE-fotokomorki-EPM_EPMB.png\",\"width\":432,\"height\":577},{\"@type\":\"BreadcrumbList\",\"@id\":\"https:\/\/sklep.bramywjazdowe.com.pl\/?product=nice-fotokomorki-epmb-bluebus-nadajnik-i-odbiornik#breadcrumb\",\"itemListElement\":[{\"@type\":\"ListItem\",\"position\":1,\"name\":\"Strona g\u0142\u00f3wna\",\"item\":\"http:\/\/sklep.bramywjazdowe.com.pl\/\"},{\"@type\":\"ListItem\",\"position\":2,\"name\":\"Produkty\",\"item\":\"http:\/\/sklep.bramywjazdowe.com.pl\/\"},{\"@type\":\"ListItem\",\"position\":3,\"name\":\"NICE &#8211; Fotokom\u00f3rki EPMB BlueBus (nadajnik i odbiornik)\"}]},{\"@type\":\"WebSite\",\"@id\":\"http:\/\/sklep.bramywjazdowe.com.pl\/#website\",\"url\":\"http:\/\/sklep.bramywjazdowe.com.pl\/\",\"name\":\"Sklep Trymer Tomasz Kucharski\",\"description\":\"\",\"publisher\":{\"@id\":\"http:\/\/sklep.bramywjazdowe.com.pl\/#organization\"},\"potentialAction\":[{\"@type\":\"SearchAction\",\"target\":{\"@type\":\"EntryPoint\",\"urlTemplate\":\"http:\/\/sklep.bramywjazdowe.com.pl\/?s={search_term_string}\"},\"query-input\":{\"@type\":\"PropertyValueSpecification\",\"valueRequired\":true,\"valueName\":\"search_term_string\"}}],\"inLanguage\":\"pl-PL\"},{\"@type\":\"Organization\",\"@id\":\"http:\/\/sklep.bramywjazdowe.com.pl\/#organization\",\"name\":\"TRYMER Tomasz Kucharski\",\"url\":\"http:\/\/sklep.bramywjazdowe.com.pl\/\",\"logo\":{\"@type\":\"ImageObject\",\"inLanguage\":\"pl-PL\",\"@id\":\"http:\/\/sklep.bramywjazdowe.com.pl\/#\/schema\/logo\/image\/\",\"url\":\"https:\/\/sklep.bramywjazdowe.com.pl\/wp-content\/uploads\/2022\/11\/logo-sklep-222.png\",\"contentUrl\":\"https:\/\/sklep.bramywjazdowe.com.pl\/wp-content\/uploads\/2022\/11\/logo-sklep-222.png\",\"width\":1200,\"height\":180,\"caption\":\"TRYMER Tomasz Kucharski\"},\"image\":{\"@id\":\"http:\/\/sklep.bramywjazdowe.com.pl\/#\/schema\/logo\/image\/\"}}]}<\/script>\n<!-- \/ Yoast SEO plugin. -->","yoast_head_json":{"title":"NICE - Fotokom\u00f3rki EPMB BlueBus (nadajnik i odbiornik)","description":"NICE - Fotokom\u00f3rki EPMB BlueBus (nadajnik i odbiornik) Automatyka do bram sprzeda\u017c, monta\u017c, serwis. TRYMER. Atrakcyjne ceny, szybki czas realizacji.","robots":{"index":"index","follow":"follow","max-snippet":"max-snippet:-1","max-image-preview":"max-image-preview:large","max-video-preview":"max-video-preview:-1"},"canonical":"https:\/\/sklep.bramywjazdowe.com.pl\/?product=nice-fotokomorki-epmb-bluebus-nadajnik-i-odbiornik","og_locale":"pl_PL","og_type":"article","og_title":"NICE - Fotokom\u00f3rki EPMB BlueBus (nadajnik i odbiornik)","og_description":"NICE - Fotokom\u00f3rki EPMB BlueBus (nadajnik i odbiornik) Automatyka do bram sprzeda\u017c, monta\u017c, serwis. TRYMER. Atrakcyjne ceny, szybki czas realizacji.","og_url":"https:\/\/sklep.bramywjazdowe.com.pl\/?product=nice-fotokomorki-epmb-bluebus-nadajnik-i-odbiornik","article_modified_time":"2023-01-04T16:11:56+00:00","og_image":[{"width":432,"height":577,"url":"https:\/\/sklep.bramywjazdowe.com.pl\/wp-content\/uploads\/2022\/11\/NICE-fotokomorki-EPM_EPMB.png","type":"image\/png"}],"twitter_card":"summary_large_image","twitter_misc":{"Szacowany czas czytania":"1 minuta"},"schema":{"@context":"https:\/\/schema.org","@graph":[{"@type":"WebPage","@id":"https:\/\/sklep.bramywjazdowe.com.pl\/?product=nice-fotokomorki-epmb-bluebus-nadajnik-i-odbiornik","url":"https:\/\/sklep.bramywjazdowe.com.pl\/?product=nice-fotokomorki-epmb-bluebus-nadajnik-i-odbiornik","name":"NICE - Fotokom\u00f3rki EPMB BlueBus (nadajnik i odbiornik)","isPartOf":{"@id":"http:\/\/sklep.bramywjazdowe.com.pl\/#website"},"primaryImageOfPage":{"@id":"https:\/\/sklep.bramywjazdowe.com.pl\/?product=nice-fotokomorki-epmb-bluebus-nadajnik-i-odbiornik#primaryimage"},"image":{"@id":"https:\/\/sklep.bramywjazdowe.com.pl\/?product=nice-fotokomorki-epmb-bluebus-nadajnik-i-odbiornik#primaryimage"},"thumbnailUrl":"https:\/\/sklep.bramywjazdowe.com.pl\/wp-content\/uploads\/2022\/11\/NICE-fotokomorki-EPM_EPMB.png","datePublished":"2022-11-24T22:26:56+00:00","dateModified":"2023-01-04T16:11:56+00:00","description":"NICE - Fotokom\u00f3rki EPMB BlueBus (nadajnik i odbiornik) Automatyka do bram sprzeda\u017c, monta\u017c, serwis. TRYMER. Atrakcyjne ceny, szybki czas realizacji.","breadcrumb":{"@id":"https:\/\/sklep.bramywjazdowe.com.pl\/?product=nice-fotokomorki-epmb-bluebus-nadajnik-i-odbiornik#breadcrumb"},"inLanguage":"pl-PL","potentialAction":[{"@type":"ReadAction","target":["https:\/\/sklep.bramywjazdowe.com.pl\/?product=nice-fotokomorki-epmb-bluebus-nadajnik-i-odbiornik"]}]},{"@type":"ImageObject","inLanguage":"pl-PL","@id":"https:\/\/sklep.bramywjazdowe.com.pl\/?product=nice-fotokomorki-epmb-bluebus-nadajnik-i-odbiornik#primaryimage","url":"https:\/\/sklep.bramywjazdowe.com.pl\/wp-content\/uploads\/2022\/11\/NICE-fotokomorki-EPM_EPMB.png","contentUrl":"https:\/\/sklep.bramywjazdowe.com.pl\/wp-content\/uploads\/2022\/11\/NICE-fotokomorki-EPM_EPMB.png","width":432,"height":577},{"@type":"BreadcrumbList","@id":"https:\/\/sklep.bramywjazdowe.com.pl\/?product=nice-fotokomorki-epmb-bluebus-nadajnik-i-odbiornik#breadcrumb","itemListElement":[{"@type":"ListItem","position":1,"name":"Strona g\u0142\u00f3wna","item":"http:\/\/sklep.bramywjazdowe.com.pl\/"},{"@type":"ListItem","position":2,"name":"Produkty","item":"http:\/\/sklep.bramywjazdowe.com.pl\/"},{"@type":"ListItem","position":3,"name":"NICE &#8211; Fotokom\u00f3rki EPMB BlueBus (nadajnik i odbiornik)"}]},{"@type":"WebSite","@id":"http:\/\/sklep.bramywjazdowe.com.pl\/#website","url":"http:\/\/sklep.bramywjazdowe.com.pl\/","name":"Sklep Trymer Tomasz Kucharski","description":"","publisher":{"@id":"http:\/\/sklep.bramywjazdowe.com.pl\/#organization"},"potentialAction":[{"@type":"SearchAction","target":{"@type":"EntryPoint","urlTemplate":"http:\/\/sklep.bramywjazdowe.com.pl\/?s={search_term_string}"},"query-input":{"@type":"PropertyValueSpecification","valueRequired":true,"valueName":"search_term_string"}}],"inLanguage":"pl-PL"},{"@type":"Organization","@id":"http:\/\/sklep.bramywjazdowe.com.pl\/#organization","name":"TRYMER Tomasz Kucharski","url":"http:\/\/sklep.bramywjazdowe.com.pl\/","logo":{"@type":"ImageObject","inLanguage":"pl-PL","@id":"http:\/\/sklep.bramywjazdowe.com.pl\/#\/schema\/logo\/image\/","url":"https:\/\/sklep.bramywjazdowe.com.pl\/wp-content\/uploads\/2022\/11\/logo-sklep-222.png","contentUrl":"https:\/\/sklep.bramywjazdowe.com.pl\/wp-content\/uploads\/2022\/11\/logo-sklep-222.png","width":1200,"height":180,"caption":"TRYMER Tomasz Kucharski"},"image":{"@id":"http:\/\/sklep.bramywjazdowe.com.pl\/#\/schema\/logo\/image\/"}}]}},"brands":[{"id":64,"name":"NICE","slug":"nice"}],"_links":{"self":[{"href":"https:\/\/sklep.bramywjazdowe.com.pl\/index.php?rest_route=\/wp\/v2\/product\/355","targetHints":{"allow":["GET"]}}],"collection":[{"href":"https:\/\/sklep.bramywjazdowe.com.pl\/index.php?rest_route=\/wp\/v2\/product"}],"about":[{"href":"https:\/\/sklep.bramywjazdowe.com.pl\/index.php?rest_route=\/wp\/v2\/types\/product"}],"replies":[{"embeddable":true,"href":"https:\/\/sklep.bramywjazdowe.com.pl\/index.php?rest_route=%2Fwp%2Fv2%2Fcomments&post=355"}],"wp:featuredmedia":[{"embeddable":true,"href":"https:\/\/sklep.bramywjazdowe.com.pl\/index.php?rest_route=\/wp\/v2\/media\/299"}],"wp:attachment":[{"href":"https:\/\/sklep.bramywjazdowe.com.pl\/index.php?rest_route=%2Fwp%2Fv2%2Fmedia&parent=355"}],"wp:term":[{"taxonomy":"pwb-brand","embeddable":true,"href":"https:\/\/sklep.bramywjazdowe.com.pl\/index.php?rest_route=%2Fwp%2Fv2%2Fpwb-brand&post=355"},{"taxonomy":"product_brand","embeddable":true,"href":"https:\/\/sklep.bramywjazdowe.com.pl\/index.php?rest_route=%2Fwp%2Fv2%2Fproduct_brand&post=355"},{"taxonomy":"product_cat","embeddable":true,"href":"https:\/\/sklep.bramywjazdowe.com.pl\/index.php?rest_route=%2Fwp%2Fv2%2Fproduct_cat&post=355"},{"taxonomy":"product_tag","embeddable":true,"href":"https:\/\/sklep.bramywjazdowe.com.pl\/index.php?rest_route=%2Fwp%2Fv2%2Fproduct_tag&post=355"}],"curies":[{"name":"wp","href":"https:\/\/api.w.org\/{rel}","templated":true}]}}