{"id":356,"date":"2022-11-24T23:31:44","date_gmt":"2022-11-24T22:31:44","guid":{"rendered":"http:\/\/sklep.bramywjazdowe.com.pl\/?post_type=product&#038;p=356"},"modified":"2023-03-05T18:15:34","modified_gmt":"2023-03-05T17:15:34","slug":"proxima-fotokomorki-pb-bezprzewodowe-obrotowe","status":"publish","type":"product","link":"https:\/\/sklep.bramywjazdowe.com.pl\/?product=proxima-fotokomorki-pb-bezprzewodowe-obrotowe","title":{"rendered":"PROXIMA &#8211; Fotokom\u00f3rki PB bezprzewodowe, obrotowe (nadajnik i odbiornik)"},"content":{"rendered":"<p>PROXIMA &#8211; Fotokom\u00f3rki PB bezprzewodowe, obrotowe (nadajnik i odbiornik)<\/p>\n<p>PARAMETRY PODSTAWOWE:<\/p>\n<ul>\n<li>gwarantowany zasi\u0119g dzia\u0142ania: 1-15m<\/li>\n<li>regulacja k\u0105ta widzenia: 190\u00b0<\/li>\n<li>zasilanie odbiornika: 12-24V AC\/DC<\/li>\n<li>zasilanie nadajnika: 2 x bateria\u00a0AA<\/li>\n<li>spos\u00f3b monta\u017cu: obudowa natynkowa, bryzgoszczelna, IP54<\/li>\n<li>gabaryty obudowy: 127x28x28mm<\/li>\n<li>temperatura pracy (min.\/max.): -20\u00b0C \/ +60\u00b0C<\/li>\n<\/ul>\n<p>ELEMENTY WYKONAWCZE:<\/p>\n<ul>\n<li>wyj\u015bcia stykowe (typ \/ maksymalne obci\u0105\u017cenie): NO lub NC \/ 100mA 30VDC<\/li>\n<\/ul>\n<p>FUNKCJONALNO\u015a\u0106:<\/p>\n<ul>\n<li>Sygnalizacja s\u0142abej baterii<\/li>\n<li>Trzy tryby sygnalizacji narusze\u0144<\/li>\n<li>Sprawdzanie przyciskiem stanu baterii<\/li>\n<li>Trzy poziomy pr\u0119dko\u015bci reakcji na naruszenie<\/li>\n<li>Monta\u017c bezprzewodowy: tak, nadajnik fotokom\u00f3rki zasilany bateryjnie (baterie w zestawie)<\/li>\n<\/ul>\n","protected":false},"excerpt":{"rendered":"<p>PROXIMA &#8211; Fotokom\u00f3rki PB bezprzewodowe, obrotowe (nadajnik i odbiornik) PARAMETRY PODSTAWOWE: gwarantowany zasi\u0119g dzia\u0142ania: 1-15m regulacja k\u0105ta widzenia: 190\u00b0 zasilanie odbiornika: 12-24V AC\/DC zasilanie nadajnika: 2 x bateria\u00a0AA spos\u00f3b monta\u017cu: obudowa natynkowa, bryzgoszczelna, IP54 gabaryty obudowy: 127x28x28mm temperatura pracy (min.\/max.): -20\u00b0C \/ +60\u00b0C ELEMENTY WYKONAWCZE: wyj\u015bcia stykowe (typ \/ maksymalne obci\u0105\u017cenie): NO lub NC \/ [&hellip;]<\/p>\n","protected":false},"featured_media":310,"comment_status":"open","ping_status":"closed","template":"","meta":[],"pwb-brand":[90],"product_brand":[],"product_cat":[45,46],"product_tag":[86,91],"class_list":{"0":"post-356","1":"product","2":"type-product","3":"status-publish","4":"has-post-thumbnail","6":"pwb-brand-proxima","7":"product_cat-akcesoria-2","8":"product_cat-fotokomorki-2","9":"product_tag-fotokomorki","10":"product_tag-proxima-2","12":"first","13":"outofstock","14":"taxable","15":"shipping-taxable","16":"purchasable","17":"product-type-simple"},"yoast_head":"<!-- This site is optimized with the Yoast SEO plugin v24.7 - https:\/\/yoast.com\/wordpress\/plugins\/seo\/ -->\n<title>PROXIMA Fotokom\u00f3rki PB bezprzewodowe obrotowe<\/title>\n<meta name=\"description\" content=\"PROXIMA - Fotokom\u00f3rki PB bezprzewodowe, obrotowe (nadajnik i odbiornik) Automatyka do bram sprzeda\u017c, monta\u017c, serwis. TRYMER. Atrakcyjne ceny, szybki czas realizacji.\" \/>\n<meta name=\"robots\" content=\"index, follow, max-snippet:-1, max-image-preview:large, max-video-preview:-1\" \/>\n<link rel=\"canonical\" href=\"https:\/\/sklep.bramywjazdowe.com.pl\/?product=proxima-fotokomorki-pb-bezprzewodowe-obrotowe\" \/>\n<meta property=\"og:locale\" content=\"pl_PL\" \/>\n<meta property=\"og:type\" content=\"article\" \/>\n<meta property=\"og:title\" content=\"PROXIMA Fotokom\u00f3rki PB bezprzewodowe obrotowe\" \/>\n<meta property=\"og:description\" content=\"PROXIMA - Fotokom\u00f3rki PB bezprzewodowe, obrotowe (nadajnik i odbiornik) Automatyka do bram sprzeda\u017c, monta\u017c, serwis. TRYMER. Atrakcyjne ceny, szybki czas realizacji.\" \/>\n<meta property=\"og:url\" content=\"https:\/\/sklep.bramywjazdowe.com.pl\/?product=proxima-fotokomorki-pb-bezprzewodowe-obrotowe\" \/>\n<meta property=\"article:modified_time\" content=\"2023-03-05T17:15:34+00:00\" \/>\n<meta property=\"og:image\" content=\"https:\/\/sklep.bramywjazdowe.com.pl\/wp-content\/uploads\/2022\/11\/PROXIMA_fotokomorki_PB.png\" \/>\n\t<meta property=\"og:image:width\" content=\"442\" \/>\n\t<meta property=\"og:image:height\" content=\"565\" \/>\n\t<meta property=\"og:image:type\" content=\"image\/png\" \/>\n<meta name=\"twitter:card\" content=\"summary_large_image\" \/>\n<meta name=\"twitter:label1\" content=\"Szacowany czas czytania\" \/>\n\t<meta name=\"twitter:data1\" content=\"1 minuta\" \/>\n<script type=\"application\/ld+json\" class=\"yoast-schema-graph\">{\"@context\":\"https:\/\/schema.org\",\"@graph\":[{\"@type\":\"WebPage\",\"@id\":\"https:\/\/sklep.bramywjazdowe.com.pl\/?product=proxima-fotokomorki-pb-bezprzewodowe-obrotowe\",\"url\":\"https:\/\/sklep.bramywjazdowe.com.pl\/?product=proxima-fotokomorki-pb-bezprzewodowe-obrotowe\",\"name\":\"PROXIMA Fotokom\u00f3rki PB bezprzewodowe obrotowe\",\"isPartOf\":{\"@id\":\"http:\/\/sklep.bramywjazdowe.com.pl\/#website\"},\"primaryImageOfPage\":{\"@id\":\"https:\/\/sklep.bramywjazdowe.com.pl\/?product=proxima-fotokomorki-pb-bezprzewodowe-obrotowe#primaryimage\"},\"image\":{\"@id\":\"https:\/\/sklep.bramywjazdowe.com.pl\/?product=proxima-fotokomorki-pb-bezprzewodowe-obrotowe#primaryimage\"},\"thumbnailUrl\":\"https:\/\/sklep.bramywjazdowe.com.pl\/wp-content\/uploads\/2022\/11\/PROXIMA_fotokomorki_PB.png\",\"datePublished\":\"2022-11-24T22:31:44+00:00\",\"dateModified\":\"2023-03-05T17:15:34+00:00\",\"description\":\"PROXIMA - Fotokom\u00f3rki PB bezprzewodowe, obrotowe (nadajnik i odbiornik) Automatyka do bram sprzeda\u017c, monta\u017c, serwis. TRYMER. Atrakcyjne ceny, szybki czas realizacji.\",\"breadcrumb\":{\"@id\":\"https:\/\/sklep.bramywjazdowe.com.pl\/?product=proxima-fotokomorki-pb-bezprzewodowe-obrotowe#breadcrumb\"},\"inLanguage\":\"pl-PL\",\"potentialAction\":[{\"@type\":\"ReadAction\",\"target\":[\"https:\/\/sklep.bramywjazdowe.com.pl\/?product=proxima-fotokomorki-pb-bezprzewodowe-obrotowe\"]}]},{\"@type\":\"ImageObject\",\"inLanguage\":\"pl-PL\",\"@id\":\"https:\/\/sklep.bramywjazdowe.com.pl\/?product=proxima-fotokomorki-pb-bezprzewodowe-obrotowe#primaryimage\",\"url\":\"https:\/\/sklep.bramywjazdowe.com.pl\/wp-content\/uploads\/2022\/11\/PROXIMA_fotokomorki_PB.png\",\"contentUrl\":\"https:\/\/sklep.bramywjazdowe.com.pl\/wp-content\/uploads\/2022\/11\/PROXIMA_fotokomorki_PB.png\",\"width\":442,\"height\":565},{\"@type\":\"BreadcrumbList\",\"@id\":\"https:\/\/sklep.bramywjazdowe.com.pl\/?product=proxima-fotokomorki-pb-bezprzewodowe-obrotowe#breadcrumb\",\"itemListElement\":[{\"@type\":\"ListItem\",\"position\":1,\"name\":\"Strona g\u0142\u00f3wna\",\"item\":\"http:\/\/sklep.bramywjazdowe.com.pl\/\"},{\"@type\":\"ListItem\",\"position\":2,\"name\":\"Produkty\",\"item\":\"http:\/\/sklep.bramywjazdowe.com.pl\/\"},{\"@type\":\"ListItem\",\"position\":3,\"name\":\"PROXIMA &#8211; Fotokom\u00f3rki PB bezprzewodowe, obrotowe (nadajnik i odbiornik)\"}]},{\"@type\":\"WebSite\",\"@id\":\"http:\/\/sklep.bramywjazdowe.com.pl\/#website\",\"url\":\"http:\/\/sklep.bramywjazdowe.com.pl\/\",\"name\":\"Sklep Trymer Tomasz Kucharski\",\"description\":\"\",\"publisher\":{\"@id\":\"http:\/\/sklep.bramywjazdowe.com.pl\/#organization\"},\"potentialAction\":[{\"@type\":\"SearchAction\",\"target\":{\"@type\":\"EntryPoint\",\"urlTemplate\":\"http:\/\/sklep.bramywjazdowe.com.pl\/?s={search_term_string}\"},\"query-input\":{\"@type\":\"PropertyValueSpecification\",\"valueRequired\":true,\"valueName\":\"search_term_string\"}}],\"inLanguage\":\"pl-PL\"},{\"@type\":\"Organization\",\"@id\":\"http:\/\/sklep.bramywjazdowe.com.pl\/#organization\",\"name\":\"TRYMER Tomasz Kucharski\",\"url\":\"http:\/\/sklep.bramywjazdowe.com.pl\/\",\"logo\":{\"@type\":\"ImageObject\",\"inLanguage\":\"pl-PL\",\"@id\":\"http:\/\/sklep.bramywjazdowe.com.pl\/#\/schema\/logo\/image\/\",\"url\":\"https:\/\/sklep.bramywjazdowe.com.pl\/wp-content\/uploads\/2022\/11\/logo-sklep-222.png\",\"contentUrl\":\"https:\/\/sklep.bramywjazdowe.com.pl\/wp-content\/uploads\/2022\/11\/logo-sklep-222.png\",\"width\":1200,\"height\":180,\"caption\":\"TRYMER Tomasz Kucharski\"},\"image\":{\"@id\":\"http:\/\/sklep.bramywjazdowe.com.pl\/#\/schema\/logo\/image\/\"}}]}<\/script>\n<!-- \/ Yoast SEO plugin. -->","yoast_head_json":{"title":"PROXIMA Fotokom\u00f3rki PB bezprzewodowe obrotowe","description":"PROXIMA - Fotokom\u00f3rki PB bezprzewodowe, obrotowe (nadajnik i odbiornik) Automatyka do bram sprzeda\u017c, monta\u017c, serwis. TRYMER. Atrakcyjne ceny, szybki czas realizacji.","robots":{"index":"index","follow":"follow","max-snippet":"max-snippet:-1","max-image-preview":"max-image-preview:large","max-video-preview":"max-video-preview:-1"},"canonical":"https:\/\/sklep.bramywjazdowe.com.pl\/?product=proxima-fotokomorki-pb-bezprzewodowe-obrotowe","og_locale":"pl_PL","og_type":"article","og_title":"PROXIMA Fotokom\u00f3rki PB bezprzewodowe obrotowe","og_description":"PROXIMA - Fotokom\u00f3rki PB bezprzewodowe, obrotowe (nadajnik i odbiornik) Automatyka do bram sprzeda\u017c, monta\u017c, serwis. TRYMER. Atrakcyjne ceny, szybki czas realizacji.","og_url":"https:\/\/sklep.bramywjazdowe.com.pl\/?product=proxima-fotokomorki-pb-bezprzewodowe-obrotowe","article_modified_time":"2023-03-05T17:15:34+00:00","og_image":[{"width":442,"height":565,"url":"https:\/\/sklep.bramywjazdowe.com.pl\/wp-content\/uploads\/2022\/11\/PROXIMA_fotokomorki_PB.png","type":"image\/png"}],"twitter_card":"summary_large_image","twitter_misc":{"Szacowany czas czytania":"1 minuta"},"schema":{"@context":"https:\/\/schema.org","@graph":[{"@type":"WebPage","@id":"https:\/\/sklep.bramywjazdowe.com.pl\/?product=proxima-fotokomorki-pb-bezprzewodowe-obrotowe","url":"https:\/\/sklep.bramywjazdowe.com.pl\/?product=proxima-fotokomorki-pb-bezprzewodowe-obrotowe","name":"PROXIMA Fotokom\u00f3rki PB bezprzewodowe obrotowe","isPartOf":{"@id":"http:\/\/sklep.bramywjazdowe.com.pl\/#website"},"primaryImageOfPage":{"@id":"https:\/\/sklep.bramywjazdowe.com.pl\/?product=proxima-fotokomorki-pb-bezprzewodowe-obrotowe#primaryimage"},"image":{"@id":"https:\/\/sklep.bramywjazdowe.com.pl\/?product=proxima-fotokomorki-pb-bezprzewodowe-obrotowe#primaryimage"},"thumbnailUrl":"https:\/\/sklep.bramywjazdowe.com.pl\/wp-content\/uploads\/2022\/11\/PROXIMA_fotokomorki_PB.png","datePublished":"2022-11-24T22:31:44+00:00","dateModified":"2023-03-05T17:15:34+00:00","description":"PROXIMA - Fotokom\u00f3rki PB bezprzewodowe, obrotowe (nadajnik i odbiornik) Automatyka do bram sprzeda\u017c, monta\u017c, serwis. TRYMER. Atrakcyjne ceny, szybki czas realizacji.","breadcrumb":{"@id":"https:\/\/sklep.bramywjazdowe.com.pl\/?product=proxima-fotokomorki-pb-bezprzewodowe-obrotowe#breadcrumb"},"inLanguage":"pl-PL","potentialAction":[{"@type":"ReadAction","target":["https:\/\/sklep.bramywjazdowe.com.pl\/?product=proxima-fotokomorki-pb-bezprzewodowe-obrotowe"]}]},{"@type":"ImageObject","inLanguage":"pl-PL","@id":"https:\/\/sklep.bramywjazdowe.com.pl\/?product=proxima-fotokomorki-pb-bezprzewodowe-obrotowe#primaryimage","url":"https:\/\/sklep.bramywjazdowe.com.pl\/wp-content\/uploads\/2022\/11\/PROXIMA_fotokomorki_PB.png","contentUrl":"https:\/\/sklep.bramywjazdowe.com.pl\/wp-content\/uploads\/2022\/11\/PROXIMA_fotokomorki_PB.png","width":442,"height":565},{"@type":"BreadcrumbList","@id":"https:\/\/sklep.bramywjazdowe.com.pl\/?product=proxima-fotokomorki-pb-bezprzewodowe-obrotowe#breadcrumb","itemListElement":[{"@type":"ListItem","position":1,"name":"Strona g\u0142\u00f3wna","item":"http:\/\/sklep.bramywjazdowe.com.pl\/"},{"@type":"ListItem","position":2,"name":"Produkty","item":"http:\/\/sklep.bramywjazdowe.com.pl\/"},{"@type":"ListItem","position":3,"name":"PROXIMA &#8211; Fotokom\u00f3rki PB bezprzewodowe, obrotowe (nadajnik i odbiornik)"}]},{"@type":"WebSite","@id":"http:\/\/sklep.bramywjazdowe.com.pl\/#website","url":"http:\/\/sklep.bramywjazdowe.com.pl\/","name":"Sklep Trymer Tomasz Kucharski","description":"","publisher":{"@id":"http:\/\/sklep.bramywjazdowe.com.pl\/#organization"},"potentialAction":[{"@type":"SearchAction","target":{"@type":"EntryPoint","urlTemplate":"http:\/\/sklep.bramywjazdowe.com.pl\/?s={search_term_string}"},"query-input":{"@type":"PropertyValueSpecification","valueRequired":true,"valueName":"search_term_string"}}],"inLanguage":"pl-PL"},{"@type":"Organization","@id":"http:\/\/sklep.bramywjazdowe.com.pl\/#organization","name":"TRYMER Tomasz Kucharski","url":"http:\/\/sklep.bramywjazdowe.com.pl\/","logo":{"@type":"ImageObject","inLanguage":"pl-PL","@id":"http:\/\/sklep.bramywjazdowe.com.pl\/#\/schema\/logo\/image\/","url":"https:\/\/sklep.bramywjazdowe.com.pl\/wp-content\/uploads\/2022\/11\/logo-sklep-222.png","contentUrl":"https:\/\/sklep.bramywjazdowe.com.pl\/wp-content\/uploads\/2022\/11\/logo-sklep-222.png","width":1200,"height":180,"caption":"TRYMER Tomasz Kucharski"},"image":{"@id":"http:\/\/sklep.bramywjazdowe.com.pl\/#\/schema\/logo\/image\/"}}]}},"brands":[{"id":90,"name":"PROXIMA","slug":"proxima"}],"_links":{"self":[{"href":"https:\/\/sklep.bramywjazdowe.com.pl\/index.php?rest_route=\/wp\/v2\/product\/356","targetHints":{"allow":["GET"]}}],"collection":[{"href":"https:\/\/sklep.bramywjazdowe.com.pl\/index.php?rest_route=\/wp\/v2\/product"}],"about":[{"href":"https:\/\/sklep.bramywjazdowe.com.pl\/index.php?rest_route=\/wp\/v2\/types\/product"}],"replies":[{"embeddable":true,"href":"https:\/\/sklep.bramywjazdowe.com.pl\/index.php?rest_route=%2Fwp%2Fv2%2Fcomments&post=356"}],"wp:featuredmedia":[{"embeddable":true,"href":"https:\/\/sklep.bramywjazdowe.com.pl\/index.php?rest_route=\/wp\/v2\/media\/310"}],"wp:attachment":[{"href":"https:\/\/sklep.bramywjazdowe.com.pl\/index.php?rest_route=%2Fwp%2Fv2%2Fmedia&parent=356"}],"wp:term":[{"taxonomy":"pwb-brand","embeddable":true,"href":"https:\/\/sklep.bramywjazdowe.com.pl\/index.php?rest_route=%2Fwp%2Fv2%2Fpwb-brand&post=356"},{"taxonomy":"product_brand","embeddable":true,"href":"https:\/\/sklep.bramywjazdowe.com.pl\/index.php?rest_route=%2Fwp%2Fv2%2Fproduct_brand&post=356"},{"taxonomy":"product_cat","embeddable":true,"href":"https:\/\/sklep.bramywjazdowe.com.pl\/index.php?rest_route=%2Fwp%2Fv2%2Fproduct_cat&post=356"},{"taxonomy":"product_tag","embeddable":true,"href":"https:\/\/sklep.bramywjazdowe.com.pl\/index.php?rest_route=%2Fwp%2Fv2%2Fproduct_tag&post=356"}],"curies":[{"name":"wp","href":"https:\/\/api.w.org\/{rel}","templated":true}]}}