{"id":658,"date":"2023-01-08T16:39:55","date_gmt":"2023-01-08T15:39:55","guid":{"rendered":"http:\/\/sklep.bramywjazdowe.com.pl\/?post_type=product&#038;p=658"},"modified":"2023-01-08T16:45:02","modified_gmt":"2023-01-08T15:45:02","slug":"tousek-pull5-zestaw-do-bramy-przesuwnej-o-wadze-do-500kg","status":"publish","type":"product","link":"https:\/\/sklep.bramywjazdowe.com.pl\/?product=tousek-pull5-zestaw-do-bramy-przesuwnej-o-wadze-do-500kg","title":{"rendered":"TOUSEK \u2013 PULL T5 zestaw do bramy przesuwnej o wadze do 500kg"},"content":{"rendered":"<p>TOUSEK \u2013 PULL T5 zestaw do bramy przesuwnej o wadze do 500kg<\/p>\n<p>ZESTAW ZAWIERA:<\/p>\n<ul>\n<li>1 nap\u0119d<\/li>\n<li>1 odbiornik radiowy RS 868, 2-kana\u0142owy z funkcj\u0105 furtki, antena wewn\u0119trzna<\/li>\n<li>2 piloty RS 868-2M, 2-kana\u0142owe<\/li>\n<li>1 fotokom\u00f3rka LS 41<\/li>\n<li>1 szczeg\u00f3\u0142owa instrukcja<\/li>\n<\/ul>\n<p>FUNKCJE :<\/p>\n<ul>\n<li>Przek\u0142adnia z hartowanej stali w k\u0105pieli olejowej<\/li>\n<li>Jednocz\u0119\u015bciowy korpus &#8211; odlew ci\u015bnieniowy aluminium<\/li>\n<li>Komfortowe, intuicyjne odryglowanie awaryjne<\/li>\n<li>Wszystko w zasi\u0119gu wzroku: Display<\/li>\n<li>Seryjny mi\u0119kki stop<\/li>\n<li>Sensor z aktywn\u0105 regulacj\u0105 momentu obrotowego<\/li>\n<li>Du\u017cy plus: bardzo szybki<\/li>\n<li>Precyzyjna technologia bezwy\u0142\u0105cznikowa &#8211; sensor obrot\u00f3w<\/li>\n<\/ul>\n<p>Funkcje centrali PULL T<\/p>\n<ul>\n<li>du\u017cy, pod\u015bwietlany LC-Display (2x 16 znak\u00f3w)<\/li>\n<li>pe\u0142notekstowe menu sterowane 4 przyciskami<\/li>\n<li>pami\u0119\u0107 zdarze\u0144 ostatnich 800 cykli<\/li>\n<li>wybieralne tryby (Impuls, Automatik, Totmann)<\/li>\n<li>gniazdo dla wpinanego odbiornika radiowego<\/li>\n<li>bezpo\u015brednie wej\u015bcie dla listew kraw\u0119dziowych 8,2 k\u03a9, oddzielne dla kraw\u0119dzi g\u0142\u00f3wnej i pobocznych<\/li>\n<li>status wej\u015b\u0107 bezpiecze\u0144stwa i impulsowych<\/li>\n<li>samokontrola fotokom\u00f3rek<\/li>\n<li>regulowany softstop, jego d\u0142ugo\u015b\u0107 i pr\u0119dko\u015b\u0107<\/li>\n<li>opcja: PULL T8 z centralk\u0105 reguluj\u0105c\u0105 ruchem pojazd\u00f3w<\/li>\n<li>opcja: tryb Master-Slave PULL T8 + T10 + T15 (2 po\u0142\u00f3wki bramy naprzeciw siebie)<\/li>\n<\/ul>\n<p>PARAMETRY:<\/p>\n<ul>\n<li>Zasilanie silnika: 230V AC<\/li>\n<li>Zasilanie: 230V<\/li>\n<li>Nominalny moment obrotowy:\u00a020 Nm<\/li>\n<li>Pr\u0119dko\u015b\u0107 przesuwu: 11 m\/min<\/li>\n<li>Maksymalna waga bramy: 500 kg<\/li>\n<li>Intensywno\u015b\u0107 pracy:\u00a0 posesyjna prywatna<\/li>\n<li>Temperatura pracy: -20\u00b0\u00a0\/ +50\u00b0C<\/li>\n<\/ul>\n","protected":false},"excerpt":{"rendered":"<p>TOUSEK \u2013 PULL T5 zestaw do bramy przesuwnej o wadze do 500kg ZESTAW ZAWIERA: 1 nap\u0119d 1 odbiornik radiowy RS 868, 2-kana\u0142owy z funkcj\u0105 furtki, antena wewn\u0119trzna 2 piloty RS 868-2M, 2-kana\u0142owe 1 fotokom\u00f3rka LS 41 1 szczeg\u00f3\u0142owa instrukcja FUNKCJE : Przek\u0142adnia z hartowanej stali w k\u0105pieli olejowej Jednocz\u0119\u015bciowy korpus &#8211; odlew ci\u015bnieniowy aluminium Komfortowe, [&hellip;]<\/p>\n","protected":false},"featured_media":660,"comment_status":"open","ping_status":"closed","template":"","meta":[],"pwb-brand":[174],"product_brand":[],"product_cat":[43,44],"product_tag":[106,93,175,81],"class_list":{"0":"post-658","1":"product","2":"type-product","3":"status-publish","4":"has-post-thumbnail","6":"pwb-brand-tousek-producent-automatyki","7":"product_cat-zestawy-2","8":"product_cat-do-bram-przesuwnych-2","9":"product_tag-brama-przesuwna","10":"product_tag-przesuw","11":"product_tag-pull","12":"product_tag-tousek","14":"first","15":"instock","16":"taxable","17":"shipping-taxable","18":"purchasable","19":"product-type-simple"},"yoast_head":"<!-- This site is optimized with the Yoast SEO plugin v24.7 - https:\/\/yoast.com\/wordpress\/plugins\/seo\/ -->\n<title>TOUSEK PULL T5 zestaw do bramy przesuwnej o wadze do 500kg<\/title>\n<meta name=\"description\" content=\"TOUSEK \u2013 PULL T5 zestaw do bramy przesuwnej o wadze do 500kg. Automatyka do bram sprzeda\u017c, monta\u017c, serwis. Atrakcyjne ceny, szybki czas realizacji.\" \/>\n<meta name=\"robots\" content=\"index, follow, max-snippet:-1, max-image-preview:large, max-video-preview:-1\" \/>\n<link rel=\"canonical\" href=\"https:\/\/sklep.bramywjazdowe.com.pl\/?product=tousek-pull5-zestaw-do-bramy-przesuwnej-o-wadze-do-500kg\" \/>\n<meta property=\"og:locale\" content=\"pl_PL\" \/>\n<meta property=\"og:type\" content=\"article\" \/>\n<meta property=\"og:title\" content=\"TOUSEK PULL T5 zestaw do bramy przesuwnej o wadze do 500kg\" \/>\n<meta property=\"og:description\" content=\"TOUSEK \u2013 PULL T5 zestaw do bramy przesuwnej o wadze do 500kg. Automatyka do bram sprzeda\u017c, monta\u017c, serwis. Atrakcyjne ceny, szybki czas realizacji.\" \/>\n<meta property=\"og:url\" content=\"https:\/\/sklep.bramywjazdowe.com.pl\/?product=tousek-pull5-zestaw-do-bramy-przesuwnej-o-wadze-do-500kg\" \/>\n<meta property=\"article:modified_time\" content=\"2023-01-08T15:45:02+00:00\" \/>\n<meta property=\"og:image\" content=\"https:\/\/sklep.bramywjazdowe.com.pl\/wp-content\/uploads\/2023\/01\/TOUSEK-PULL.jpg\" \/>\n\t<meta property=\"og:image:width\" content=\"1024\" \/>\n\t<meta property=\"og:image:height\" content=\"1024\" \/>\n\t<meta property=\"og:image:type\" content=\"image\/jpeg\" \/>\n<meta name=\"twitter:card\" content=\"summary_large_image\" \/>\n<meta name=\"twitter:label1\" content=\"Szacowany czas czytania\" \/>\n\t<meta name=\"twitter:data1\" content=\"2 minuty\" \/>\n<script type=\"application\/ld+json\" class=\"yoast-schema-graph\">{\"@context\":\"https:\/\/schema.org\",\"@graph\":[{\"@type\":\"WebPage\",\"@id\":\"https:\/\/sklep.bramywjazdowe.com.pl\/?product=tousek-pull5-zestaw-do-bramy-przesuwnej-o-wadze-do-500kg\",\"url\":\"https:\/\/sklep.bramywjazdowe.com.pl\/?product=tousek-pull5-zestaw-do-bramy-przesuwnej-o-wadze-do-500kg\",\"name\":\"TOUSEK PULL T5 zestaw do bramy przesuwnej o wadze do 500kg\",\"isPartOf\":{\"@id\":\"http:\/\/sklep.bramywjazdowe.com.pl\/#website\"},\"primaryImageOfPage\":{\"@id\":\"https:\/\/sklep.bramywjazdowe.com.pl\/?product=tousek-pull5-zestaw-do-bramy-przesuwnej-o-wadze-do-500kg#primaryimage\"},\"image\":{\"@id\":\"https:\/\/sklep.bramywjazdowe.com.pl\/?product=tousek-pull5-zestaw-do-bramy-przesuwnej-o-wadze-do-500kg#primaryimage\"},\"thumbnailUrl\":\"https:\/\/sklep.bramywjazdowe.com.pl\/wp-content\/uploads\/2023\/01\/TOUSEK-PULL.jpg\",\"datePublished\":\"2023-01-08T15:39:55+00:00\",\"dateModified\":\"2023-01-08T15:45:02+00:00\",\"description\":\"TOUSEK \u2013 PULL T5 zestaw do bramy przesuwnej o wadze do 500kg. Automatyka do bram sprzeda\u017c, monta\u017c, serwis. Atrakcyjne ceny, szybki czas realizacji.\",\"breadcrumb\":{\"@id\":\"https:\/\/sklep.bramywjazdowe.com.pl\/?product=tousek-pull5-zestaw-do-bramy-przesuwnej-o-wadze-do-500kg#breadcrumb\"},\"inLanguage\":\"pl-PL\",\"potentialAction\":[{\"@type\":\"ReadAction\",\"target\":[\"https:\/\/sklep.bramywjazdowe.com.pl\/?product=tousek-pull5-zestaw-do-bramy-przesuwnej-o-wadze-do-500kg\"]}]},{\"@type\":\"ImageObject\",\"inLanguage\":\"pl-PL\",\"@id\":\"https:\/\/sklep.bramywjazdowe.com.pl\/?product=tousek-pull5-zestaw-do-bramy-przesuwnej-o-wadze-do-500kg#primaryimage\",\"url\":\"https:\/\/sklep.bramywjazdowe.com.pl\/wp-content\/uploads\/2023\/01\/TOUSEK-PULL.jpg\",\"contentUrl\":\"https:\/\/sklep.bramywjazdowe.com.pl\/wp-content\/uploads\/2023\/01\/TOUSEK-PULL.jpg\",\"width\":1024,\"height\":1024,\"caption\":\"TOUSEK PULL\"},{\"@type\":\"BreadcrumbList\",\"@id\":\"https:\/\/sklep.bramywjazdowe.com.pl\/?product=tousek-pull5-zestaw-do-bramy-przesuwnej-o-wadze-do-500kg#breadcrumb\",\"itemListElement\":[{\"@type\":\"ListItem\",\"position\":1,\"name\":\"Strona g\u0142\u00f3wna\",\"item\":\"http:\/\/sklep.bramywjazdowe.com.pl\/\"},{\"@type\":\"ListItem\",\"position\":2,\"name\":\"Produkty\",\"item\":\"http:\/\/sklep.bramywjazdowe.com.pl\/\"},{\"@type\":\"ListItem\",\"position\":3,\"name\":\"TOUSEK \u2013 PULL T5 zestaw do bramy przesuwnej o wadze do 500kg\"}]},{\"@type\":\"WebSite\",\"@id\":\"http:\/\/sklep.bramywjazdowe.com.pl\/#website\",\"url\":\"http:\/\/sklep.bramywjazdowe.com.pl\/\",\"name\":\"Sklep Trymer Tomasz Kucharski\",\"description\":\"\",\"publisher\":{\"@id\":\"http:\/\/sklep.bramywjazdowe.com.pl\/#organization\"},\"potentialAction\":[{\"@type\":\"SearchAction\",\"target\":{\"@type\":\"EntryPoint\",\"urlTemplate\":\"http:\/\/sklep.bramywjazdowe.com.pl\/?s={search_term_string}\"},\"query-input\":{\"@type\":\"PropertyValueSpecification\",\"valueRequired\":true,\"valueName\":\"search_term_string\"}}],\"inLanguage\":\"pl-PL\"},{\"@type\":\"Organization\",\"@id\":\"http:\/\/sklep.bramywjazdowe.com.pl\/#organization\",\"name\":\"TRYMER Tomasz Kucharski\",\"url\":\"http:\/\/sklep.bramywjazdowe.com.pl\/\",\"logo\":{\"@type\":\"ImageObject\",\"inLanguage\":\"pl-PL\",\"@id\":\"http:\/\/sklep.bramywjazdowe.com.pl\/#\/schema\/logo\/image\/\",\"url\":\"https:\/\/sklep.bramywjazdowe.com.pl\/wp-content\/uploads\/2022\/11\/logo-sklep-222.png\",\"contentUrl\":\"https:\/\/sklep.bramywjazdowe.com.pl\/wp-content\/uploads\/2022\/11\/logo-sklep-222.png\",\"width\":1200,\"height\":180,\"caption\":\"TRYMER Tomasz Kucharski\"},\"image\":{\"@id\":\"http:\/\/sklep.bramywjazdowe.com.pl\/#\/schema\/logo\/image\/\"}}]}<\/script>\n<!-- \/ Yoast SEO plugin. -->","yoast_head_json":{"title":"TOUSEK PULL T5 zestaw do bramy przesuwnej o wadze do 500kg","description":"TOUSEK \u2013 PULL T5 zestaw do bramy przesuwnej o wadze do 500kg. Automatyka do bram sprzeda\u017c, monta\u017c, serwis. Atrakcyjne ceny, szybki czas realizacji.","robots":{"index":"index","follow":"follow","max-snippet":"max-snippet:-1","max-image-preview":"max-image-preview:large","max-video-preview":"max-video-preview:-1"},"canonical":"https:\/\/sklep.bramywjazdowe.com.pl\/?product=tousek-pull5-zestaw-do-bramy-przesuwnej-o-wadze-do-500kg","og_locale":"pl_PL","og_type":"article","og_title":"TOUSEK PULL T5 zestaw do bramy przesuwnej o wadze do 500kg","og_description":"TOUSEK \u2013 PULL T5 zestaw do bramy przesuwnej o wadze do 500kg. Automatyka do bram sprzeda\u017c, monta\u017c, serwis. Atrakcyjne ceny, szybki czas realizacji.","og_url":"https:\/\/sklep.bramywjazdowe.com.pl\/?product=tousek-pull5-zestaw-do-bramy-przesuwnej-o-wadze-do-500kg","article_modified_time":"2023-01-08T15:45:02+00:00","og_image":[{"width":1024,"height":1024,"url":"https:\/\/sklep.bramywjazdowe.com.pl\/wp-content\/uploads\/2023\/01\/TOUSEK-PULL.jpg","type":"image\/jpeg"}],"twitter_card":"summary_large_image","twitter_misc":{"Szacowany czas czytania":"2 minuty"},"schema":{"@context":"https:\/\/schema.org","@graph":[{"@type":"WebPage","@id":"https:\/\/sklep.bramywjazdowe.com.pl\/?product=tousek-pull5-zestaw-do-bramy-przesuwnej-o-wadze-do-500kg","url":"https:\/\/sklep.bramywjazdowe.com.pl\/?product=tousek-pull5-zestaw-do-bramy-przesuwnej-o-wadze-do-500kg","name":"TOUSEK PULL T5 zestaw do bramy przesuwnej o wadze do 500kg","isPartOf":{"@id":"http:\/\/sklep.bramywjazdowe.com.pl\/#website"},"primaryImageOfPage":{"@id":"https:\/\/sklep.bramywjazdowe.com.pl\/?product=tousek-pull5-zestaw-do-bramy-przesuwnej-o-wadze-do-500kg#primaryimage"},"image":{"@id":"https:\/\/sklep.bramywjazdowe.com.pl\/?product=tousek-pull5-zestaw-do-bramy-przesuwnej-o-wadze-do-500kg#primaryimage"},"thumbnailUrl":"https:\/\/sklep.bramywjazdowe.com.pl\/wp-content\/uploads\/2023\/01\/TOUSEK-PULL.jpg","datePublished":"2023-01-08T15:39:55+00:00","dateModified":"2023-01-08T15:45:02+00:00","description":"TOUSEK \u2013 PULL T5 zestaw do bramy przesuwnej o wadze do 500kg. Automatyka do bram sprzeda\u017c, monta\u017c, serwis. Atrakcyjne ceny, szybki czas realizacji.","breadcrumb":{"@id":"https:\/\/sklep.bramywjazdowe.com.pl\/?product=tousek-pull5-zestaw-do-bramy-przesuwnej-o-wadze-do-500kg#breadcrumb"},"inLanguage":"pl-PL","potentialAction":[{"@type":"ReadAction","target":["https:\/\/sklep.bramywjazdowe.com.pl\/?product=tousek-pull5-zestaw-do-bramy-przesuwnej-o-wadze-do-500kg"]}]},{"@type":"ImageObject","inLanguage":"pl-PL","@id":"https:\/\/sklep.bramywjazdowe.com.pl\/?product=tousek-pull5-zestaw-do-bramy-przesuwnej-o-wadze-do-500kg#primaryimage","url":"https:\/\/sklep.bramywjazdowe.com.pl\/wp-content\/uploads\/2023\/01\/TOUSEK-PULL.jpg","contentUrl":"https:\/\/sklep.bramywjazdowe.com.pl\/wp-content\/uploads\/2023\/01\/TOUSEK-PULL.jpg","width":1024,"height":1024,"caption":"TOUSEK PULL"},{"@type":"BreadcrumbList","@id":"https:\/\/sklep.bramywjazdowe.com.pl\/?product=tousek-pull5-zestaw-do-bramy-przesuwnej-o-wadze-do-500kg#breadcrumb","itemListElement":[{"@type":"ListItem","position":1,"name":"Strona g\u0142\u00f3wna","item":"http:\/\/sklep.bramywjazdowe.com.pl\/"},{"@type":"ListItem","position":2,"name":"Produkty","item":"http:\/\/sklep.bramywjazdowe.com.pl\/"},{"@type":"ListItem","position":3,"name":"TOUSEK \u2013 PULL T5 zestaw do bramy przesuwnej o wadze do 500kg"}]},{"@type":"WebSite","@id":"http:\/\/sklep.bramywjazdowe.com.pl\/#website","url":"http:\/\/sklep.bramywjazdowe.com.pl\/","name":"Sklep Trymer Tomasz Kucharski","description":"","publisher":{"@id":"http:\/\/sklep.bramywjazdowe.com.pl\/#organization"},"potentialAction":[{"@type":"SearchAction","target":{"@type":"EntryPoint","urlTemplate":"http:\/\/sklep.bramywjazdowe.com.pl\/?s={search_term_string}"},"query-input":{"@type":"PropertyValueSpecification","valueRequired":true,"valueName":"search_term_string"}}],"inLanguage":"pl-PL"},{"@type":"Organization","@id":"http:\/\/sklep.bramywjazdowe.com.pl\/#organization","name":"TRYMER Tomasz Kucharski","url":"http:\/\/sklep.bramywjazdowe.com.pl\/","logo":{"@type":"ImageObject","inLanguage":"pl-PL","@id":"http:\/\/sklep.bramywjazdowe.com.pl\/#\/schema\/logo\/image\/","url":"https:\/\/sklep.bramywjazdowe.com.pl\/wp-content\/uploads\/2022\/11\/logo-sklep-222.png","contentUrl":"https:\/\/sklep.bramywjazdowe.com.pl\/wp-content\/uploads\/2022\/11\/logo-sklep-222.png","width":1200,"height":180,"caption":"TRYMER Tomasz Kucharski"},"image":{"@id":"http:\/\/sklep.bramywjazdowe.com.pl\/#\/schema\/logo\/image\/"}}]}},"brands":[{"id":174,"name":"TOUSEK","slug":"tousek-producent-automatyki"}],"_links":{"self":[{"href":"https:\/\/sklep.bramywjazdowe.com.pl\/index.php?rest_route=\/wp\/v2\/product\/658","targetHints":{"allow":["GET"]}}],"collection":[{"href":"https:\/\/sklep.bramywjazdowe.com.pl\/index.php?rest_route=\/wp\/v2\/product"}],"about":[{"href":"https:\/\/sklep.bramywjazdowe.com.pl\/index.php?rest_route=\/wp\/v2\/types\/product"}],"replies":[{"embeddable":true,"href":"https:\/\/sklep.bramywjazdowe.com.pl\/index.php?rest_route=%2Fwp%2Fv2%2Fcomments&post=658"}],"wp:featuredmedia":[{"embeddable":true,"href":"https:\/\/sklep.bramywjazdowe.com.pl\/index.php?rest_route=\/wp\/v2\/media\/660"}],"wp:attachment":[{"href":"https:\/\/sklep.bramywjazdowe.com.pl\/index.php?rest_route=%2Fwp%2Fv2%2Fmedia&parent=658"}],"wp:term":[{"taxonomy":"pwb-brand","embeddable":true,"href":"https:\/\/sklep.bramywjazdowe.com.pl\/index.php?rest_route=%2Fwp%2Fv2%2Fpwb-brand&post=658"},{"taxonomy":"product_brand","embeddable":true,"href":"https:\/\/sklep.bramywjazdowe.com.pl\/index.php?rest_route=%2Fwp%2Fv2%2Fproduct_brand&post=658"},{"taxonomy":"product_cat","embeddable":true,"href":"https:\/\/sklep.bramywjazdowe.com.pl\/index.php?rest_route=%2Fwp%2Fv2%2Fproduct_cat&post=658"},{"taxonomy":"product_tag","embeddable":true,"href":"https:\/\/sklep.bramywjazdowe.com.pl\/index.php?rest_route=%2Fwp%2Fv2%2Fproduct_tag&post=658"}],"curies":[{"name":"wp","href":"https:\/\/api.w.org\/{rel}","templated":true}]}}