{"id":682,"date":"2023-01-20T19:40:47","date_gmt":"2023-01-20T18:40:47","guid":{"rendered":"http:\/\/sklep.bramywjazdowe.com.pl\/?post_type=product&#038;p=682"},"modified":"2023-01-20T19:58:01","modified_gmt":"2023-01-20T18:58:01","slug":"tousek-pilot-pilot-rs-868-4-kanalowy-4-przyciskowy","status":"publish","type":"product","link":"https:\/\/sklep.bramywjazdowe.com.pl\/?product=tousek-pilot-pilot-rs-868-4-kanalowy-4-przyciskowy","title":{"rendered":"TOUSEK &#8211; Pilot Pilot RS 868 (4-kana\u0142owy, 4-przyciskowy)"},"content":{"rendered":"<p>TOUSEK &#8211; Pilot Pilot RS 868 (4-kana\u0142owy, 4-przyciskowy)<\/p>\n<p>Podstawowe parametry:<\/p>\n<ul>\n<li>Liczba przycisk\u00f3w &#8211;\u00a04<\/li>\n<li>Cz\u0119stotliwo\u015b\u0107 &#8211; 868 MHz<\/li>\n<li>Zasi\u0119g &#8211; z anten\u0105 zewn. do 200m zasi\u0119gu<\/li>\n<li>Kodowania &#8211; technologia samouczenia si\u0119, Rolling Code, kod dynamicznie zmienny<\/li>\n<\/ul>\n","protected":false},"excerpt":{"rendered":"<p>TOUSEK &#8211; Pilot Pilot RS 868 (4-kana\u0142owy, 4-przyciskowy) Podstawowe parametry: Liczba przycisk\u00f3w &#8211;\u00a04 Cz\u0119stotliwo\u015b\u0107 &#8211; 868 MHz Zasi\u0119g &#8211; z anten\u0105 zewn. do 200m zasi\u0119gu Kodowania &#8211; technologia samouczenia si\u0119, Rolling Code, kod dynamicznie zmienny<\/p>\n","protected":false},"featured_media":687,"comment_status":"open","ping_status":"closed","template":"","meta":[],"pwb-brand":[174],"product_brand":[],"product_cat":[45,57],"product_tag":[181,153,180,81],"class_list":{"0":"post-682","1":"product","2":"type-product","3":"status-publish","4":"has-post-thumbnail","6":"pwb-brand-tousek-producent-automatyki","7":"product_cat-akcesoria-2","8":"product_cat-piloty-2","9":"product_tag-4-kanalowy","10":"product_tag-pilot","11":"product_tag-rs868","12":"product_tag-tousek","14":"first","15":"instock","16":"taxable","17":"shipping-taxable","18":"purchasable","19":"product-type-simple"},"yoast_head":"<!-- This site is optimized with the Yoast SEO plugin v24.7 - https:\/\/yoast.com\/wordpress\/plugins\/seo\/ -->\n<title>TOUSEK - Pilot Pilot RS 868 (4-kana\u0142owy, 4-przyciskowy)<\/title>\n<meta name=\"description\" content=\"TOUSEK - Pilot Pilot RS 868 (4-kana\u0142owy, 4-przyciskowy) Automatyka do bram sprzeda\u017c, monta\u017c, serwis. TRYMER. Atrakcyjne ceny, szybki czas realizacji.\" \/>\n<meta name=\"robots\" content=\"index, follow, max-snippet:-1, max-image-preview:large, max-video-preview:-1\" \/>\n<link rel=\"canonical\" href=\"https:\/\/sklep.bramywjazdowe.com.pl\/?product=tousek-pilot-pilot-rs-868-4-kanalowy-4-przyciskowy\" \/>\n<meta property=\"og:locale\" content=\"pl_PL\" \/>\n<meta property=\"og:type\" content=\"article\" \/>\n<meta property=\"og:title\" content=\"TOUSEK - Pilot Pilot RS 868 (4-kana\u0142owy, 4-przyciskowy)\" \/>\n<meta property=\"og:description\" content=\"TOUSEK - Pilot Pilot RS 868 (4-kana\u0142owy, 4-przyciskowy) Automatyka do bram sprzeda\u017c, monta\u017c, serwis. TRYMER. Atrakcyjne ceny, szybki czas realizacji.\" \/>\n<meta property=\"og:url\" content=\"https:\/\/sklep.bramywjazdowe.com.pl\/?product=tousek-pilot-pilot-rs-868-4-kanalowy-4-przyciskowy\" \/>\n<meta property=\"article:modified_time\" content=\"2023-01-20T18:58:01+00:00\" \/>\n<meta property=\"og:image\" content=\"https:\/\/sklep.bramywjazdowe.com.pl\/wp-content\/uploads\/2023\/01\/touses-RS-4-kanalowy.jpg\" \/>\n\t<meta property=\"og:image:width\" content=\"768\" \/>\n\t<meta property=\"og:image:height\" content=\"768\" \/>\n\t<meta property=\"og:image:type\" content=\"image\/jpeg\" \/>\n<meta name=\"twitter:card\" content=\"summary_large_image\" \/>\n<meta name=\"twitter:label1\" content=\"Szacowany czas czytania\" \/>\n\t<meta name=\"twitter:data1\" content=\"1 minuta\" \/>\n<script type=\"application\/ld+json\" class=\"yoast-schema-graph\">{\"@context\":\"https:\/\/schema.org\",\"@graph\":[{\"@type\":\"WebPage\",\"@id\":\"https:\/\/sklep.bramywjazdowe.com.pl\/?product=tousek-pilot-pilot-rs-868-4-kanalowy-4-przyciskowy\",\"url\":\"https:\/\/sklep.bramywjazdowe.com.pl\/?product=tousek-pilot-pilot-rs-868-4-kanalowy-4-przyciskowy\",\"name\":\"TOUSEK - Pilot Pilot RS 868 (4-kana\u0142owy, 4-przyciskowy)\",\"isPartOf\":{\"@id\":\"http:\/\/sklep.bramywjazdowe.com.pl\/#website\"},\"primaryImageOfPage\":{\"@id\":\"https:\/\/sklep.bramywjazdowe.com.pl\/?product=tousek-pilot-pilot-rs-868-4-kanalowy-4-przyciskowy#primaryimage\"},\"image\":{\"@id\":\"https:\/\/sklep.bramywjazdowe.com.pl\/?product=tousek-pilot-pilot-rs-868-4-kanalowy-4-przyciskowy#primaryimage\"},\"thumbnailUrl\":\"https:\/\/sklep.bramywjazdowe.com.pl\/wp-content\/uploads\/2023\/01\/touses-RS-4-kanalowy.jpg\",\"datePublished\":\"2023-01-20T18:40:47+00:00\",\"dateModified\":\"2023-01-20T18:58:01+00:00\",\"description\":\"TOUSEK - Pilot Pilot RS 868 (4-kana\u0142owy, 4-przyciskowy) Automatyka do bram sprzeda\u017c, monta\u017c, serwis. TRYMER. Atrakcyjne ceny, szybki czas realizacji.\",\"breadcrumb\":{\"@id\":\"https:\/\/sklep.bramywjazdowe.com.pl\/?product=tousek-pilot-pilot-rs-868-4-kanalowy-4-przyciskowy#breadcrumb\"},\"inLanguage\":\"pl-PL\",\"potentialAction\":[{\"@type\":\"ReadAction\",\"target\":[\"https:\/\/sklep.bramywjazdowe.com.pl\/?product=tousek-pilot-pilot-rs-868-4-kanalowy-4-przyciskowy\"]}]},{\"@type\":\"ImageObject\",\"inLanguage\":\"pl-PL\",\"@id\":\"https:\/\/sklep.bramywjazdowe.com.pl\/?product=tousek-pilot-pilot-rs-868-4-kanalowy-4-przyciskowy#primaryimage\",\"url\":\"https:\/\/sklep.bramywjazdowe.com.pl\/wp-content\/uploads\/2023\/01\/touses-RS-4-kanalowy.jpg\",\"contentUrl\":\"https:\/\/sklep.bramywjazdowe.com.pl\/wp-content\/uploads\/2023\/01\/touses-RS-4-kanalowy.jpg\",\"width\":768,\"height\":768,\"caption\":\"tousek pilot RS 4 kana\u0142owy\"},{\"@type\":\"BreadcrumbList\",\"@id\":\"https:\/\/sklep.bramywjazdowe.com.pl\/?product=tousek-pilot-pilot-rs-868-4-kanalowy-4-przyciskowy#breadcrumb\",\"itemListElement\":[{\"@type\":\"ListItem\",\"position\":1,\"name\":\"Strona g\u0142\u00f3wna\",\"item\":\"http:\/\/sklep.bramywjazdowe.com.pl\/\"},{\"@type\":\"ListItem\",\"position\":2,\"name\":\"Produkty\",\"item\":\"http:\/\/sklep.bramywjazdowe.com.pl\/\"},{\"@type\":\"ListItem\",\"position\":3,\"name\":\"TOUSEK &#8211; Pilot Pilot RS 868 (4-kana\u0142owy, 4-przyciskowy)\"}]},{\"@type\":\"WebSite\",\"@id\":\"http:\/\/sklep.bramywjazdowe.com.pl\/#website\",\"url\":\"http:\/\/sklep.bramywjazdowe.com.pl\/\",\"name\":\"Sklep Trymer Tomasz Kucharski\",\"description\":\"\",\"publisher\":{\"@id\":\"http:\/\/sklep.bramywjazdowe.com.pl\/#organization\"},\"potentialAction\":[{\"@type\":\"SearchAction\",\"target\":{\"@type\":\"EntryPoint\",\"urlTemplate\":\"http:\/\/sklep.bramywjazdowe.com.pl\/?s={search_term_string}\"},\"query-input\":{\"@type\":\"PropertyValueSpecification\",\"valueRequired\":true,\"valueName\":\"search_term_string\"}}],\"inLanguage\":\"pl-PL\"},{\"@type\":\"Organization\",\"@id\":\"http:\/\/sklep.bramywjazdowe.com.pl\/#organization\",\"name\":\"TRYMER Tomasz Kucharski\",\"url\":\"http:\/\/sklep.bramywjazdowe.com.pl\/\",\"logo\":{\"@type\":\"ImageObject\",\"inLanguage\":\"pl-PL\",\"@id\":\"http:\/\/sklep.bramywjazdowe.com.pl\/#\/schema\/logo\/image\/\",\"url\":\"https:\/\/sklep.bramywjazdowe.com.pl\/wp-content\/uploads\/2022\/11\/logo-sklep-222.png\",\"contentUrl\":\"https:\/\/sklep.bramywjazdowe.com.pl\/wp-content\/uploads\/2022\/11\/logo-sklep-222.png\",\"width\":1200,\"height\":180,\"caption\":\"TRYMER Tomasz Kucharski\"},\"image\":{\"@id\":\"http:\/\/sklep.bramywjazdowe.com.pl\/#\/schema\/logo\/image\/\"}}]}<\/script>\n<!-- \/ Yoast SEO plugin. -->","yoast_head_json":{"title":"TOUSEK - Pilot Pilot RS 868 (4-kana\u0142owy, 4-przyciskowy)","description":"TOUSEK - Pilot Pilot RS 868 (4-kana\u0142owy, 4-przyciskowy) Automatyka do bram sprzeda\u017c, monta\u017c, serwis. TRYMER. Atrakcyjne ceny, szybki czas realizacji.","robots":{"index":"index","follow":"follow","max-snippet":"max-snippet:-1","max-image-preview":"max-image-preview:large","max-video-preview":"max-video-preview:-1"},"canonical":"https:\/\/sklep.bramywjazdowe.com.pl\/?product=tousek-pilot-pilot-rs-868-4-kanalowy-4-przyciskowy","og_locale":"pl_PL","og_type":"article","og_title":"TOUSEK - Pilot Pilot RS 868 (4-kana\u0142owy, 4-przyciskowy)","og_description":"TOUSEK - Pilot Pilot RS 868 (4-kana\u0142owy, 4-przyciskowy) Automatyka do bram sprzeda\u017c, monta\u017c, serwis. TRYMER. Atrakcyjne ceny, szybki czas realizacji.","og_url":"https:\/\/sklep.bramywjazdowe.com.pl\/?product=tousek-pilot-pilot-rs-868-4-kanalowy-4-przyciskowy","article_modified_time":"2023-01-20T18:58:01+00:00","og_image":[{"width":768,"height":768,"url":"https:\/\/sklep.bramywjazdowe.com.pl\/wp-content\/uploads\/2023\/01\/touses-RS-4-kanalowy.jpg","type":"image\/jpeg"}],"twitter_card":"summary_large_image","twitter_misc":{"Szacowany czas czytania":"1 minuta"},"schema":{"@context":"https:\/\/schema.org","@graph":[{"@type":"WebPage","@id":"https:\/\/sklep.bramywjazdowe.com.pl\/?product=tousek-pilot-pilot-rs-868-4-kanalowy-4-przyciskowy","url":"https:\/\/sklep.bramywjazdowe.com.pl\/?product=tousek-pilot-pilot-rs-868-4-kanalowy-4-przyciskowy","name":"TOUSEK - Pilot Pilot RS 868 (4-kana\u0142owy, 4-przyciskowy)","isPartOf":{"@id":"http:\/\/sklep.bramywjazdowe.com.pl\/#website"},"primaryImageOfPage":{"@id":"https:\/\/sklep.bramywjazdowe.com.pl\/?product=tousek-pilot-pilot-rs-868-4-kanalowy-4-przyciskowy#primaryimage"},"image":{"@id":"https:\/\/sklep.bramywjazdowe.com.pl\/?product=tousek-pilot-pilot-rs-868-4-kanalowy-4-przyciskowy#primaryimage"},"thumbnailUrl":"https:\/\/sklep.bramywjazdowe.com.pl\/wp-content\/uploads\/2023\/01\/touses-RS-4-kanalowy.jpg","datePublished":"2023-01-20T18:40:47+00:00","dateModified":"2023-01-20T18:58:01+00:00","description":"TOUSEK - Pilot Pilot RS 868 (4-kana\u0142owy, 4-przyciskowy) Automatyka do bram sprzeda\u017c, monta\u017c, serwis. TRYMER. Atrakcyjne ceny, szybki czas realizacji.","breadcrumb":{"@id":"https:\/\/sklep.bramywjazdowe.com.pl\/?product=tousek-pilot-pilot-rs-868-4-kanalowy-4-przyciskowy#breadcrumb"},"inLanguage":"pl-PL","potentialAction":[{"@type":"ReadAction","target":["https:\/\/sklep.bramywjazdowe.com.pl\/?product=tousek-pilot-pilot-rs-868-4-kanalowy-4-przyciskowy"]}]},{"@type":"ImageObject","inLanguage":"pl-PL","@id":"https:\/\/sklep.bramywjazdowe.com.pl\/?product=tousek-pilot-pilot-rs-868-4-kanalowy-4-przyciskowy#primaryimage","url":"https:\/\/sklep.bramywjazdowe.com.pl\/wp-content\/uploads\/2023\/01\/touses-RS-4-kanalowy.jpg","contentUrl":"https:\/\/sklep.bramywjazdowe.com.pl\/wp-content\/uploads\/2023\/01\/touses-RS-4-kanalowy.jpg","width":768,"height":768,"caption":"tousek pilot RS 4 kana\u0142owy"},{"@type":"BreadcrumbList","@id":"https:\/\/sklep.bramywjazdowe.com.pl\/?product=tousek-pilot-pilot-rs-868-4-kanalowy-4-przyciskowy#breadcrumb","itemListElement":[{"@type":"ListItem","position":1,"name":"Strona g\u0142\u00f3wna","item":"http:\/\/sklep.bramywjazdowe.com.pl\/"},{"@type":"ListItem","position":2,"name":"Produkty","item":"http:\/\/sklep.bramywjazdowe.com.pl\/"},{"@type":"ListItem","position":3,"name":"TOUSEK &#8211; Pilot Pilot RS 868 (4-kana\u0142owy, 4-przyciskowy)"}]},{"@type":"WebSite","@id":"http:\/\/sklep.bramywjazdowe.com.pl\/#website","url":"http:\/\/sklep.bramywjazdowe.com.pl\/","name":"Sklep Trymer Tomasz Kucharski","description":"","publisher":{"@id":"http:\/\/sklep.bramywjazdowe.com.pl\/#organization"},"potentialAction":[{"@type":"SearchAction","target":{"@type":"EntryPoint","urlTemplate":"http:\/\/sklep.bramywjazdowe.com.pl\/?s={search_term_string}"},"query-input":{"@type":"PropertyValueSpecification","valueRequired":true,"valueName":"search_term_string"}}],"inLanguage":"pl-PL"},{"@type":"Organization","@id":"http:\/\/sklep.bramywjazdowe.com.pl\/#organization","name":"TRYMER Tomasz Kucharski","url":"http:\/\/sklep.bramywjazdowe.com.pl\/","logo":{"@type":"ImageObject","inLanguage":"pl-PL","@id":"http:\/\/sklep.bramywjazdowe.com.pl\/#\/schema\/logo\/image\/","url":"https:\/\/sklep.bramywjazdowe.com.pl\/wp-content\/uploads\/2022\/11\/logo-sklep-222.png","contentUrl":"https:\/\/sklep.bramywjazdowe.com.pl\/wp-content\/uploads\/2022\/11\/logo-sklep-222.png","width":1200,"height":180,"caption":"TRYMER Tomasz Kucharski"},"image":{"@id":"http:\/\/sklep.bramywjazdowe.com.pl\/#\/schema\/logo\/image\/"}}]}},"brands":[{"id":174,"name":"TOUSEK","slug":"tousek-producent-automatyki"}],"_links":{"self":[{"href":"https:\/\/sklep.bramywjazdowe.com.pl\/index.php?rest_route=\/wp\/v2\/product\/682","targetHints":{"allow":["GET"]}}],"collection":[{"href":"https:\/\/sklep.bramywjazdowe.com.pl\/index.php?rest_route=\/wp\/v2\/product"}],"about":[{"href":"https:\/\/sklep.bramywjazdowe.com.pl\/index.php?rest_route=\/wp\/v2\/types\/product"}],"replies":[{"embeddable":true,"href":"https:\/\/sklep.bramywjazdowe.com.pl\/index.php?rest_route=%2Fwp%2Fv2%2Fcomments&post=682"}],"wp:featuredmedia":[{"embeddable":true,"href":"https:\/\/sklep.bramywjazdowe.com.pl\/index.php?rest_route=\/wp\/v2\/media\/687"}],"wp:attachment":[{"href":"https:\/\/sklep.bramywjazdowe.com.pl\/index.php?rest_route=%2Fwp%2Fv2%2Fmedia&parent=682"}],"wp:term":[{"taxonomy":"pwb-brand","embeddable":true,"href":"https:\/\/sklep.bramywjazdowe.com.pl\/index.php?rest_route=%2Fwp%2Fv2%2Fpwb-brand&post=682"},{"taxonomy":"product_brand","embeddable":true,"href":"https:\/\/sklep.bramywjazdowe.com.pl\/index.php?rest_route=%2Fwp%2Fv2%2Fproduct_brand&post=682"},{"taxonomy":"product_cat","embeddable":true,"href":"https:\/\/sklep.bramywjazdowe.com.pl\/index.php?rest_route=%2Fwp%2Fv2%2Fproduct_cat&post=682"},{"taxonomy":"product_tag","embeddable":true,"href":"https:\/\/sklep.bramywjazdowe.com.pl\/index.php?rest_route=%2Fwp%2Fv2%2Fproduct_tag&post=682"}],"curies":[{"name":"wp","href":"https:\/\/api.w.org\/{rel}","templated":true}]}}